is 1000111010 (base 2) in base 6?
2350
What is 64715 (base 8) in base 12?
13811
-11525 (base 11) to base 10
-16604
What is -3711 (base 8) in base 12?
-11a1
What is 472 (base 12) in base 4?
22112
What is -616 (base 8) in base 9?
-482
What is -177 (base 16) in base 14?
-1cb
-1245 (base 9) to base 12
-658
What is -ac7c (base 14) in base 8?
-72316
What is -10211002 (base 3) in base 5?
-42113
What is 242 (base 10) in base 3?
22222
Convert -335015 (base 6) to base 14.
-a45d
16889 (base 10) to base 8
40771
100212012 (base 3) to base 9
10765
Convert 35a7 (base 12) to base 6.
43531
-4228 (base 9) to base 5
-44404
What is 1242043 (base 5) in base 12?
12320
-14b (base 15) to base 5
-2141
10b5 (base 15) to base 8
6731
What is -a522 (base 14) in base 11?
-1a414
-177 (base 14) to base 13
-1a2
What is 747 (base 8) in base 2?
111100111
-19090 (base 14) to base 6
-1204434
2a3 (base 11) to base 2
101100011
Convert -642 (base 15) to base 8.
-2604
What is 4054 (base 7) in base 13?
847
-606 (base 13) to base 8
-1774
-e1a (base 15) to base 14
-122b
Convert -4248 (base 10) to base 5.
-113443
Convert 174 (base 14) to base 7.
604
Convert 723 (base 13) to base 10.
1212
What is 10043 (base 9) in base 14?
2596
Convert 6712 (base 8) to base 10.
3530
What is 435010 (base 6) in base 4?
20303232
Convert 9c (base 15) to base 11.
124
33111 (base 6) to base 8
10743
What is 461 (base 7) in base 4?
3233
What is 105d (base 15) in base 6?
24011
What is 34682 (base 10) in base 2?
1000011101111010
What is 1321a (base 12) in base 3?
1022222111
673 (base 8) to base 15
1e8
What is 1218 (base 16) in base 2?
1001000011000
What is -c6 (base 16) in base 14?
-102
What is 1110231 (base 5) in base 10?
19441
Convert -6482 (base 15) to base 5.
-1140042
-c11 (base 13) to base 14
-a5c
Convert -2b2 (base 15) to base 3.
-211212
14b (base 13) to base 6
1024
Convert -115536 (base 7) to base 5.
-1134240
-1034130 (base 5) to base 7
-103411
Convert -3121332 (base 4) to base 7.
-55446
What is 21123 (base 6) in base 3?
10220220
What is 3218 (base 11) in base 3?
12211120
-58283 (base 9) to base 12
-1a5b6
Convert 100001111100000 (base 2) to base 9.
25746
12202121 (base 3) to base 7
15151
Convert 101100010111000 (base 2) to base 13.
a451
784 (base 10) to base 13
484
-16aa (base 11) to base 9
-2878
What is 82 (base 16) in base 2?
10000010
98 (base 13) to base 9
148
-312320 (base 5) to base 14
-3aa3
490c (base 13) to base 6
115441
-3441 (base 5) to base 8
-760
Convert 30202 (base 5) to base 11.
14a2
What is -10111100 (base 2) in base 8?
-274
Convert -260 (base 12) to base 3.
-111100
What is -3346 (base 9) in base 14?
-c88
Convert 1211155 (base 6) to base 8.
174457
What is 12c (base 13) in base 14?
10b
-3002 (base 13) to base 6
-50305
Convert -196a1 (base 12) to base 16.
-9199
-1122021 (base 4) to base 3
-21220200
3023031 (base 4) to base 2
11001011001101
5020 (base 9) to base 12
2153
Convert 2120 (base 4) to base 15.
a2
21210 (base 3) to base 5
1320
What is 573 (base 11) in base 2?
1010101101
What is c47 (base 13) in base 12?
125b
Convert 12ac (base 14) to base 10.
3288
What is -4123203 (base 5) in base 11?
-46625
What is 571 (base 16) in base 15?
62d
What is -331 (base 10) in base 7?
-652
What is -2535 (base 7) in base 4?
-32331
What is -213 (base 11) in base 12?
-194
Convert -280 (base 16) to base 9.
-781
What is 23314 (base 6) in base 9?
4541
Convert 210211201 (base 3) to base 11.
10a65
Convert 1264 (base 10) to base 13.
763
-5355 (base 8) to base 12
-1751
124 (base 5) to base 9
43
-111010010010 (base 2) to base 5
-104410
Convert -235342 (base 7) to base 10.
-42709
What is 1010111001 (base 2) in base 16?
2b9
What is -4ebd (base 15) in base 11?
-11709
-1a8 (base 15) to base 6
-1435
42200 (base 5) to base 2
101011110000
146 (base 12) to base 11
170
Convert -3c8 (base 14) to base 9.
-1038
-1141 (base 8) to base 7
-1530
-608 (base 10) to base 15
-2a8
Convert -80a5 (base 12) to base 3.
-201010122
What is -22100 (base 7) in base 16?
-15a1
What is 1140123 (base 5) in base 4?
11030220
Convert 10010101100010 (base 2) to base 6.
112150
What is 659 (base 16) in base 14?
841
What is -234113 (base 5) in base 11?
-6561
What is -110113033 (base 4) in base 10?
-83407
-1104 (base 7) to base 15
-1b6
134 (base 10) to base 14
98
What is 23370 (base 8) in base 2?
10011011111000
790 (base 12) to base 7
3153
Convert 7932 (base 14) to base 6.
241144
-11001101000111 (base 2) to base 6
-140435
What is -164450 (base 8) in base 14?
-17a76
What is -5c4 (base 13) in base 6?
-4353
-30167 (base 13) to base 12
-41895
12254 (base 10) to base 4
2333132
Convert 624 (base 9) to base 12.
364
41220 (base 6) to base 11
4136
What is 7827 (base 9) in base 10?
5776
8453 (base 12) to base 14
53b1
What is 2480 (base 13) in base 12?
2bb2
4a6 (base 11) to base 13
372
-2025 (base 16) to base 3
-102021210
What is -2110022 (base 3) in base 6?
-12142
7570 (base 14) to base 5
1122121
-1c794 (base 14) to base 10
-72846
-25504 (base 6) to base 5
-110411
What is 3335 (base 6) in base 12?
54b
What is 48a (base 11) in base 10?
582
Convert -302b (base 13) to base 5.
-203003
30445 (base 6) to base 2
111111011101
17210 (base 9) to base 3
121020100
230c (base 15) to base 13
3501
What is -11000110010 (base 2) in base 9?
-2152
Convert -121123 (base 5) to base 7.
-16142
Convert 76455 (base 8) to base 6.
404205
Convert -2158 (base 14) to base 7.
-22541
-42161 (base 9) to base 14
-a206
Convert -872 (base 9) to base 14.
-38d
What is 593 (base 10) in base 5?
4333
252 (base 10) to base 7
510
Convert -3aa (base 14) to base 11.
-611
What is -15aa (base 12) in base 3?
-10112111
-475 (base 8) to base 14
-189
Convert -432 (base 7) to base 3.
-22010
What is 30333 (base 5) in base 10?
1968
What is -221132 (base 4) in base 15?
-bbe
Convert 25233 (base 6) to base 2.
111010110101
Convert -45150 (base 7) to base 8.
-26213
45044 (base 6) to base 2
1100010010100
-28e (base 15) to base 10
-584
22412 (base 6) to base 9
4318
What is -153 (base 12) in base 3?
-21200
3221 (base 6) to base 2
1011011101
What is 271 (base 9) in base 8?
342
1674 (base 8) to base 14
4c4
What is -15179 (base 12) in base 2?
-111001110101101
Convert -5001 (base 7) to base 14.
-8a8
What is 1617 (base 9) in base 13?
739
What is 1001 (base 6) in base 13?
139
Convert -5a8 (base 11) to base 16.
-2d3
Convert 241a (base 13) to base 2.
1001111100101
Convert -2976 (base 10) to base 13.
-147c
Convert a16 (base 11) to base 8.
2313
What is -17f (base 16) in base 2?
-101111111
Convert -200212 (base 3) to base 10.
-509
Convert 224 (base 6) to base 9.
107
What is 34143 (base 8) in base 11?
a933
-6a4 (base 14) to base 16
-528
610a (base 14) to base 3
211212102
-30242 (base 5) to base 4
-132123
What is 1264 (base 7) in base 5?
3422
198 (base 10) to base 16
c6
330033 (base 6) to base 7
142260
-1116 (base 7) to base 2
-110010101
Convert 30ac (base 14) to base 8.
20300
7b3b (base 16) to base 12
1630b
40477 (base 8) to base 13
77ab
4421 (base 6) to base 10
1021
Convert 980 (base 11) to base 5.
14202
Convert 120220 (base 3) to base 9.
526
697 (base 16) to base 8
3227
Convert 610 (base 10) to base 5.
4420
303203 (base 5) to base 4
2121023
Convert 3665 (base 7) to base 9.
1782
35c5 (base 14) to base 10
9385
What is 134 (base 16) in base 15?
158
Convert -204214 (base 6) to base 12.
-966a
-24413 (base 7) to base 11
-4880
-337 (base 10) to base 13
-1cc
Convert 3c4 (base 15) to base 2.
1101011011
-12110303 (base 4) to base 6
-315535
-110110011 (base 2) to base 7
-1161
What is 250214 (base 7) in base 15?
d838
Convert 58b0 (base 15) to base 16.
4998
1492 (base 10) to base 13
8aa
-1000111011 (base 2) to base 5
-4241
Convert 55b1 (base 12) to base 3.
111000121
-64087 (base 9) to base 6
-524041
What is 245 (base 12) in base 9?
418
Convert 1ee (base 16) to base 10.
494
-545 (base 10) to base 9
-665
-1562 (base 7) to base 11
-525
-494b (base 12) to base 9
-12305
Convert -121600 (base 8) to base 10.
-41856
What is 60 (base 8) in base 6?
120
9242 (base 16) to base 7
214106
What is -297 (base 10) in base 14?
-173
-3 (base 4) to base 6
-3
What is -ae (base 16) in base 6?
-450
1636 (base 8) to base 16
39e
Convert -1746 (base 9) to base 8.
-2472
Convert 35b (base 12) to base 14.
27d
Convert 2748 (base 10) to base 8.
5274
Convert d928 (base 15) to base 9